pose 4*p + 2*p = 60. Let y = 17 - p. Suppose 37 = -6*a + y. Let j(b) = -b**3 - 6*b**2 - 5*b - 6. Calculate j(a).
-6
Let o(b) = -35*b - 3 - 2*b**2 + 60*b - 35*b. Let w(r) = r**2 + 5*r + 2. Let m(l) = 4*o(l) + 9*w(l). Calculate m(-5).
6
Let a(h) = 2*h + 12. Let q be ((-1)/(-3))/((-9)/135). Let r(d) = 2*d + 13. Let x(n) = q*a(n) + 4*r(n). Calculate x(-6).
4
Suppose 0 = -4*j + 4*n - 2*n + 16, 0 = 4*j + 4*n - 16. Let h(a) be the first derivative of -a + 3/2*a**2 + 1 - 2/3*a**3 + 1/2*a**j. Determine h(2).
13
Let b(c) = -c**2 + c - 1. Let a(g) = -5*g**2 + 5*g - 3. Let j(n) = a(n) - 4*b(n). Let r = 195 + -110. Let d = -83 + r. What is j(d)?
-1
Let x(s) be the second derivative of -s**5/20 + 3*s**4/2 - 17*s**3/6 + 5*s**2/2 + 2*s - 38. Give x(17).
5
Let o(m) be the first derivative of m**3/3 - 3*m**2/2 - 2*m + 92. Suppose b = -5*y + 8 + 2, -4*y + 24 = 4*b. Let q be -8*y/(-6)*3. Calculate o(q).
2
Let r(l) be the third derivative of l**6/720 + l**5/120 + 29*l**4/24 - 21*l**2. Let o(m) be the second derivative of r(m). Determine o(0).
1
Suppose 0 = 2*h - 1 - 3. Let t(v) = 0*v - 4*v**2 - v**3 + 2 + h*v + 1. Suppose 0 = 3*u + 4*i + 28, 5*u + 4*i - 20 = -56. Determine t(u).
-5
Let v = 3 - -1. Let h(c) = 6*c**2 - 23*c - 9. Let w(x) = 4*x**2 - 15*x - 6. Let u(t) = 5*h(t) - 8*w(t). What is u(v)?
-9
Let u(r) be the first derivative of -r**2/2 + 4*r + 246. Suppose 3*l = 7 + 2. Calculate u(l).
1
Let a be 6/(-10) + (-60)/150. Let s(p) = -3*p**2 - 2*p - 2. What is s(a)?
-3
Let c(k) = 7*k**3 - 15*k**2 + 23*k + 14. Let w(b) = -3*b**3 + 8*b**2 - 11*b - 7. Let o(p) = 2*c(p) + 5*w(p). Calculate o(9).
-7
Let h(k) = -k**3 + 8*k**2 + 2*k + 11. Let x be 1/(-2)*(-20 - (8 - 12)). Give h(x).
27
Let b(c) be the first derivative of c**5/20 + 7*c**4/12 + 4*c**3/3 - 3*c**2/2 - 9*c + 2. Let h(g) be the first derivative of b(g). What is h(-6)?
-15
Let c(q) = -3 + 2*q**2 + 5 + q**3 + 0*q**2. Suppose 0 = -5*x + 3*l, -5*l = 63*x - 60*x + 34. Determine c(x).
-7
Let r(c) = -3*c - 23. Suppose -32*g - 25 = -27*g. Let i(s) = -4*s - 15 + 0*s + 2*s. Let z(h) = g*r(h) + 8*i(h). Determine z(0).
-5
Let m = 468 + -470. Let o(n) = 3*n + 8. What is o(m)?
2
Suppose 10*s + 48 = 8*s. Let k(n) = -n - 19. Calculate k(s).
5
Let b(x) = -x**2 - 21*x + 72. Let s be b(-24). Let g(i) be the second derivative of s + 1/20*i**5 - 1/4*i**4 - 5*i - 2*i**2 + 1/6*i**3. Give g(3).
-1
Let a(h) = -h**3 + 9*h**2 - h + 10. Let s = 24 - 15. Let u be a(s). Let m(g) = -4*g. What is m(u)?
-4
Let h(v) = -51*v**3 + 20*v**2 - 39*v**3 + 91*v**3 - 6. What is h(-20)?
-6
Let n(m) = -2*m - 2. Suppose -57*d - 94 = -10*d. Calculate n(d).
2
Let x(z) = 4*z**2 - 49*z + 13. Let f(w) = -2*w**2 + 27*w - 7. Let u(k) = -9*f(k) - 5*x(k). Let h(i) = i - 4. Let o be h(7). What is u(o)?
-14
Let a(m) = 3*m + 7. Let l be 9/(-5)*((-6)/9 - -4). Calculate a(l).
-11
Suppose -3*z = -b - 7*z - 18, 0 = -b + 5*z. Let k = b - -16. Let v(c) = 2*c - k*c - c + 6*c - 7. Determine v(6).
-1
Let g(w) = w**2 - 2*w - 2. Let b(y) = y**3 + 8*y**2 + 2*y - 32. Let d be b(-7). Determine g(d).
1
Let q(b) be the first derivative of 2*b**3/3 + 5*b**2/2 + 3*b + 6. Let p be ((-2)/6)/((-6)/(-54)). Determine q(p).
6
Suppose 10*f - 5*f + j = -56, 4*f = 2*j - 42. Let a(t) = -t**2 - 11*t + 17. What is a(f)?
17
Suppose 0 = -5*f + f + 12. Let l(y) = -8 + 2*y**2 - 1 - 1 + 9 + y**f + 2*y. Give l(-2).
-5
Let r(f) be the third derivative of -1/24*f**4 + 0 + 0*f + 4*f**2 - f**3 - 1/60*f**5. Calculate r(0).
-6
Let z(a) be the third derivative of a**5/15 + 5*a**4/24 - 5*a**3/6 + 113*a**2 + 2*a. Calculate z(1).
4
Let j(c) be the second derivative of -11*c - 1 + 1/2*c**3 - 1/2*c**2 + 1/6*c**4. Determine j(2).
13
Let z be (-5 - 25)*2/5. Let o = -17 - z. Let c(a) = -4*a + 5. Let l(n) = 10*n - 12. Let w(q) = o*l(q) - 12*c(q). Determine w(1).
-2
Let u(r) = 5*r - 32. Let w(d) = -d**2 + 13*d + 174. Let q be w(21). What is u(q)?
-2
Let k be (-24)/108 + 22/18. Let a(d) be the third derivative of -d**5/30 + d**2. Determine a(k).
-2
Let o(f) = f**2 + 5*f + 4. Let i(v) = v + 32. Let r be i(-19). Suppose -4*k - r = 11. What is o(k)?
10
Let k(z) = -29*z - 31*z + 95*z - 32*z + 1. Determine k(-3).
-8
Let b(m) = -7 + 3*m + 4*m - 6*m - 13. Give b(17).
-3
Let s(i) = 2*i**2 + 4. Let q(x) = -x**2 + 2*x - 3. Let k(r) = -3*q(r) - 2*s(r). What is k(-7)?
-6
Let c(q) = 4*q**2 + 4*q - 3. Suppose -18*r + 134 = 116. Calculate c(r).
5
Let z(b) = 26*b + 35. Let q(t) = -5*t - 6. Let u(a) = 11*q(a) + 2*z(a). Let f(o) = o + 6. Let r be f(0). What is u(r)?
-14
Let w be (-4)/(-16)*(0 + 8). Let r(u) = 3*u**3 + 2*u**2 - u - 6. Let l(j) = 16*j**3 + 9*j**2 - 6*j - 31. Let f(g) = w*l(g) - 11*r(g). Give f(-4).
8
Suppose 2*t + 3*v = 19, t + 5*v = 8*v - 13. Let d(g) be the first derivative of 0*g - 4 + 1/3*g**3 + 1/2*g**t. What is d(0)?
0
Suppose 2*d - 4*a = d - 23, 0 = d - a + 17. Let m = d + 11. Let o(w) be the second derivative of w**5/20 + w**4/3 - 2*w**2 - 8*w. Give o(m).
-4
Let o = 1 - 1. Let i(m) be the third derivative of -m**5/120 + m**4/4 + m**3/3 + 10*m**2. Let d(r) be the first derivative of i(r). What is d(o)?
6
Let j(s) = 2*s**2 + 9*s - 2. Let b be j(-5). Suppose b = -r + 4. Let v(z) = -4*z**2 + 1 + 0 - z**2. Give v(r).
-4
Let t(p) be the third derivative of 0*p + 0 + 9*p**2 - 2/3*p**3 + 1/24*p**4. Calculate t(8).
4
Let c(n) be the first derivative of -n**4/4 - 4*n**3/3 - 2*n**2 - n - 14. Suppose 0 = 3*a + 15, -5 + 3 = t + a. Suppose -2*i = 5 + t. Determine c(i).
15
Let h be ((-1)/2)/(2/(-8)). Let o = h - 1. Let z(f) = 17*f + 41573 - 4*f - 41574. Give z(o).
12
Let t(c) = c**3 + 3*c**2 + c - 2. Let d = 83 + -41. Let s(i) = -10*i + 5. Let f be s(4). Let b be d/f*(-10)/(-4). Determine t(b).
-5
Let u be 3*((-6)/24)/((-6)/8). Let l(q) = 13*q**2 + 6*q + 5. Let w(r) = -13*r**2 - 5*r - 4. Let y(k) = 5*l(k) + 6*w(k). Calculate y(u).
-12
Let q(l) = l - 9. Suppose 0 = -2*o - w + 5*w + 20, w = -o + 7. Let c be (-6)/o + (-42)/(-56). What is q(c)?
-9
Let w(f) = -4*f**3 + 5*f**2 + f + 9. Let d be 13/4 - (-2)/(-8). Let s(q) = q - q**d + 4*q**3 - q**3 - 1 - q**3. Let k(u) = 3*s(u) + w(u). Determine k(6).
-6
Let k(j) = -j - 19. Let x(n) = -n - 22. Let f(i) = -7*k(i) + 6*x(i). Give f(-12).
-11
Let b(g) = -g**3 - 10*g**2 + g + 13. Let n be b(-10). Suppose -n*v - 1 = 2. Let j(y) = y - 1. Determine j(v).
-2
Let a be (-3 - -4)/(1/5). Suppose 0 = -a*u - 22 + 37. Let j(x) = 348 + 6*x - 340 - 4*x**3 + 7*x**2 + 5*x**u. What is j(-6)?
8
Let m be (-1310)/(-40) - (-2)/8. Suppose -2*r = -5*x - 10 + m, -5*x - 1 = 4*r. Let t(d) = -d**2 + 2*d - 4. What is t(x)?
-7
Let k(f) = -f**3 + 6*f**2 - f + 3. Let t(q) = q - 1. Let u(r) = -3*r - 2. Let a(y) = -4*t(y) - u(y). Let v be a(0). Calculate k(v).
-3
Let t(f) be the first derivative of 1/60*f**5 + 0*f + 1/24*f**4 - 4*f**2 - 1/3*f**3 - 8. Let l(n) be the second derivative of t(n). What is l(-3)?
4
Let x(a) = 5*a - 2. Let f(l) = -2*l - 1. Let c(z) = 3*f(z) - x(z). Suppose 0 = 9*q - 5*q + 4. Determine c(q).
10
Let p(b) be the first derivative of b**2/2 - 13*b + 188. Determine p(12).
-1
Let c(l) = l - 658 + 655 - 2*l. Suppose -3*m = m. Let t be c(m). Let u(k) = -k + 3. Determine u(t).
6
Let k(w) = 76 + 10*w + 17*w + 20*w - 49*w - 74. Let o = 1 + 3. Determine k(o).
-6
Let q = 531 + -525. Let p(j) = j**3 - 5*j**2 - 6*j - 4. Calculate p(q).
-4
Let q(s) = -s**3 - 14*s**2 - 31*s - 81. Let k be q(-12). Let o(l) = 2*l**3 - 3*l**2 - 9. Calculate o(k).
18
Let q = 2 - -2. Let f be 0/((q + -1)/(-3)). Let a(t) = -t - 4 - 2 + 2 - 4. What is a(f)?
-8
Let n(x) be the second derivative of x**4/4 + x**3/6 - 2*x**2 - 39*x + 1. Give n(-3).
20
Let f(b) = -5 + 6 + 1059*b**2 - 1087*b**2. Determine f(-1).
-27
Let a be (-2 + 0 + (2 - -16))/2. Suppose 4*m + 4*v = -a, -4*v - 21 = m - 7. Let y(t) = t**2 + 4*t - 3. What is y(m)?
9
Let a(f) = f - 12. Let c be a(6). Let b(k) = -3*k**3 + 22*k**2 - 47. Let o(m) = 4*m**3 - 32*m**2 + 67. Let q(r) = 7*b(r) + 5*o(r). What is q(c)?
6
Let i(r) be the third derivative of -r**9/60480 - 13*r**6/720 - 5*r**5/12 + 29*r**2. Let f(t) be the third derivative of i(t). What is f(0)?
-13
Let f be 8/(-20) + 44/10. Let r(k) = k**2 - 5*k - 2. Let m(j) = 1. Let g(b) = -3*m(b) + r(b). Give g(f).
-9
Suppose 234 = -30*w + 24. Let x(u) = 9*u + 58. What is x(w)?
-5
Let f(w) be the second derivative of -w**5/20 - 7*